{"id":3982,"date":"2025-03-28T16:42:30","date_gmt":"2025-03-28T15:42:30","guid":{"rendered":"https:\/\/lauragary.net\/?page_id=3982"},"modified":"2025-10-13T08:59:01","modified_gmt":"2025-10-13T06:59:01","slug":"mind-swings","status":"publish","type":"page","link":"https:\/\/lauragary.net\/index.php\/mind-swings\/","title":{"rendered":"MIND SWINGS"},"content":{"rendered":"\n<div class=\"wp-block-cover has-parallax is-repeated\" style=\"min-height:150px;aspect-ratio:unset;\"><div class=\"wp-block-cover__image-background wp-image-4446 size-full has-parallax is-repeated\" style=\"background-position:50% 50%;background-image:url(https:\/\/lauragary.net\/wp-content\/uploads\/2025\/10\/ABYSSAL-LIGHT.png)\"><\/div><span aria-hidden=\"true\" class=\"wp-block-cover__background has-background-dim-80 has-background-dim\" style=\"background-color:#031a26\"><\/span><div class=\"wp-block-cover__inner-container is-layout-constrained wp-block-cover-is-layout-constrained\">\n<h1 class=\"wp-block-heading has-text-align-center has-text-color has-link-color has-large-font-size wp-elements-1ff042c344a39f2359cc25ad49ded49b\" style=\"color:#f5fafc\"><strong>Mind Swings<\/strong><\/h1>\n<\/div><\/div>\n\n\n\n<div class=\"wp-block-cover has-custom-content-position is-position-top-center\"><span aria-hidden=\"true\" class=\"wp-block-cover__background has-background-dim-100 has-background-dim\" style=\"background-color:#031a26\"><\/span><div class=\"wp-block-cover__inner-container is-layout-constrained wp-block-cover-is-layout-constrained\">\n<p class=\"has-text-align-left has-text-color has-link-color has-medium-font-size wp-elements-3de1673590415c7d847ab1da99d6ec66\" style=\"color:#bcc9d1\">10 minutes, outside piece<br>Choreography Laura Gary<br>Premi\u00e8re in Dresden, 29\/04\/2025, 15 Jahre TanznetzDresden<\/p>\n\n\n\n<div class=\"wp-block-columns is-layout-flex wp-container-core-columns-is-layout-28f84493 wp-block-columns-is-layout-flex\">\n<div class=\"wp-block-column is-layout-flow wp-block-column-is-layout-flow\" style=\"flex-basis:100%\">\n<div class=\"wp-block-columns is-layout-flex wp-container-core-columns-is-layout-28f84493 wp-block-columns-is-layout-flex\">\n<div class=\"wp-block-column is-layout-flow wp-block-column-is-layout-flow\">\n<figure class=\"wp-block-image aligncenter size-full is-resized\"><img decoding=\"async\" src=\"https:\/\/lauragary.net\/wp-content\/uploads\/2025\/10\/IMG_2329-1.png\" alt=\"\" class=\"wp-image-5260\" style=\"width:428px;height:auto\"\/><\/figure>\n<\/div>\n\n\n\n<div class=\"wp-block-column is-layout-flow wp-block-column-is-layout-flow\">\n<figure class=\"wp-block-image size-large\"><img loading=\"lazy\" decoding=\"async\" width=\"1024\" height=\"768\" src=\"https:\/\/lauragary.net\/wp-content\/uploads\/2025\/10\/e636beb2-755a-4f70-bfa9-52191e08e823-1-1024x768.jpg\" alt=\"\" class=\"wp-image-5258\" srcset=\"https:\/\/lauragary.net\/wp-content\/uploads\/2025\/10\/e636beb2-755a-4f70-bfa9-52191e08e823-1-1024x768.jpg 1024w, https:\/\/lauragary.net\/wp-content\/uploads\/2025\/10\/e636beb2-755a-4f70-bfa9-52191e08e823-1-300x225.jpg 300w, https:\/\/lauragary.net\/wp-content\/uploads\/2025\/10\/e636beb2-755a-4f70-bfa9-52191e08e823-1-768x576.jpg 768w, https:\/\/lauragary.net\/wp-content\/uploads\/2025\/10\/e636beb2-755a-4f70-bfa9-52191e08e823-1-1536x1152.jpg 1536w, https:\/\/lauragary.net\/wp-content\/uploads\/2025\/10\/e636beb2-755a-4f70-bfa9-52191e08e823-1-16x12.jpg 16w, https:\/\/lauragary.net\/wp-content\/uploads\/2025\/10\/e636beb2-755a-4f70-bfa9-52191e08e823-1.jpg 1600w\" sizes=\"auto, (max-width: 1024px) 100vw, 1024px\" \/><\/figure>\n<\/div>\n<\/div>\n<\/div>\n<\/div>\n\n\n\n<p class=\"has-text-color has-link-color wp-elements-cb5c7ce0a55bfca37e294a79ce39ba0f\" style=\"color:#bcc9d1\">Eine Solot\u00e4nzerin in einem offenen Raum. Die Welt um sie herum ist in st\u00e4ndiger Bewegung \u2013 Ger\u00e4usche, wechselndes Licht, eine pl\u00f6tzliche Brise, vorbeigehende Schritte. Jeder Moment l\u00f6st eine Reaktion aus, eine subtile Bewegung des Geistes. Wie sehr kontrollieren wir, was uns beeinflusst? Wie leicht wechseln wir von einem Zustand in den anderen, nur um dann wieder zur\u00fcckzuschwingen?<\/p>\n\n\n\n<p class=\"has-text-color has-link-color wp-elements-75f17d87b3fc7462b26c1f85350d67ed\" style=\"color:#bcc9d1\"><strong><em>MIND SWINGS<\/em><\/strong> macht diese unsichtbaren Wechsel sichtbar. Ein Blick, ein Ger\u00e4usch, ein fl\u00fcchtiges Gef\u00fchl \u2013 kleine Dinge l\u00f6sen gro\u00dfe Ver\u00e4nderungen aus. Angst kann aus dem Nichts entstehen. Gewissheit kann in einem Augenblick verschwinden. In einer Welt, in der Gedanken immer extremer werden, in der sich Zust\u00e4nde radikal ver\u00e4ndern, bevor wir es merken, erforscht diese Performance das fragile Gleichgewicht zwischen Kontrolle und Kontrollverlust. Wie schnell verlieren wir den Halt? Und wie finden wir ihn wieder?<\/p>\n\n\n\n<p class=\"has-text-color has-link-color wp-elements-714be6a3973bb2e30ec157bf1debc8a1\" style=\"color:#bcc9d1\">Es gibt keine feste B\u00fchne, keinen festen Ablauf. Die Performance passt sich ihrer Umgebung an \u2013 eine Stra\u00dfe, ein Platz, ein Park \u2013 jeder Ort ver\u00e4ndert die Erfahrung. Das Publikum kann sich frei bewegen, aus der Ferne zuschauen oder n\u00e4herkommen. Manchmal trifft der Blick des T\u00e4nzers auf den der Zuschauer*innen \u2013 eine kurze Verbindung oder einfach ein weiterer fl\u00fcchtiger Moment.<\/p>\n\n\n\n<p class=\"has-text-color has-link-color wp-elements-c1a532af55805b3bcf1b09445fb6de74\" style=\"color:#bcc9d1\">Es gibt keine Musik, nur die Ger\u00e4usche der Welt \u2013 das Murmeln von Stimmen, das Rascheln der Bl\u00e4tter, die Stille, bevor etwas passiert. <strong><em>MIND SWINGS<\/em><\/strong> zeigt die st\u00e4ndige Bewegung des Geistes \u2013 immer im Wandel, immer im Schwanken, gefangen zwischen dem, was uns bewegt, und dem, was uns h\u00e4lt.<\/p>\n<\/div><\/div>\n","protected":false},"excerpt":{"rendered":"","protected":false},"author":1,"featured_media":0,"parent":0,"menu_order":0,"comment_status":"closed","ping_status":"closed","template":"","meta":{"site-sidebar-layout":"default","site-content-layout":"","ast-site-content-layout":"default","site-content-style":"default","site-sidebar-style":"default","ast-global-header-display":"","ast-banner-title-visibility":"","ast-main-header-display":"","ast-hfb-above-header-display":"","ast-hfb-below-header-display":"","ast-hfb-mobile-header-display":"","site-post-title":"disabled","ast-breadcrumbs-content":"","ast-featured-img":"","footer-sml-layout":"","ast-disable-related-posts":"","theme-transparent-header-meta":"","adv-header-id-meta":"","stick-header-meta":"","header-above-stick-meta":"","header-main-stick-meta":"","header-below-stick-meta":"","astra-migrate-meta-layouts":"default","ast-page-background-enabled":"default","ast-page-background-meta":{"desktop":{"background-color":"var(--ast-global-color-4)","background-image":"","background-repeat":"repeat","background-position":"center center","background-size":"auto","background-attachment":"scroll","background-type":"","background-media":"","overlay-type":"","overlay-color":"","overlay-opacity":"","overlay-gradient":""},"tablet":{"background-color":"","background-image":"","background-repeat":"repeat","background-position":"center center","background-size":"auto","background-attachment":"scroll","background-type":"","background-media":"","overlay-type":"","overlay-color":"","overlay-opacity":"","overlay-gradient":""},"mobile":{"background-color":"","background-image":"","background-repeat":"repeat","background-position":"center center","background-size":"auto","background-attachment":"scroll","background-type":"","background-media":"","overlay-type":"","overlay-color":"","overlay-opacity":"","overlay-gradient":""}},"ast-content-background-meta":{"desktop":{"background-color":"var(--ast-global-color-5)","background-image":"","background-repeat":"repeat","background-position":"center center","background-size":"auto","background-attachment":"scroll","background-type":"","background-media":"","overlay-type":"","overlay-color":"","overlay-opacity":"","overlay-gradient":""},"tablet":{"background-color":"var(--ast-global-color-5)","background-image":"","background-repeat":"repeat","background-position":"center center","background-size":"auto","background-attachment":"scroll","background-type":"","background-media":"","overlay-type":"","overlay-color":"","overlay-opacity":"","overlay-gradient":""},"mobile":{"background-color":"var(--ast-global-color-5)","background-image":"","background-repeat":"repeat","background-position":"center center","background-size":"auto","background-attachment":"scroll","background-type":"","background-media":"","overlay-type":"","overlay-color":"","overlay-opacity":"","overlay-gradient":""}},"_EventAllDay":false,"_EventTimezone":"","_EventStartDate":"","_EventEndDate":"","_EventStartDateUTC":"","_EventEndDateUTC":"","_EventShowMap":false,"_EventShowMapLink":false,"_EventURL":"","_EventCost":"","_EventCostDescription":"","_EventCurrencySymbol":"","_EventCurrencyCode":"","_EventCurrencyPosition":"","_EventDateTimeSeparator":"","_EventTimeRangeSeparator":"","_EventOrganizerID":[],"_EventVenueID":[],"_OrganizerEmail":"","_OrganizerPhone":"","_OrganizerWebsite":"","_VenueAddress":"","_VenueCity":"","_VenueCountry":"","_VenueProvince":"","_VenueState":"","_VenueZip":"","_VenuePhone":"","_VenueURL":"","_VenueStateProvince":"","_VenueLat":"","_VenueLng":"","_VenueShowMap":false,"_VenueShowMapLink":false,"footnotes":""},"class_list":["post-3982","page","type-page","status-publish","hentry"],"yoast_head":"<!-- This site is optimized with the Yoast SEO plugin v27.3 - https:\/\/yoast.com\/product\/yoast-seo-wordpress\/ -->\n<title>MIND SWINGS | Laura Gary<\/title>\n<meta name=\"robots\" content=\"index, follow, max-snippet:-1, max-image-preview:large, max-video-preview:-1\" \/>\n<link rel=\"canonical\" href=\"https:\/\/lauragary.net\/index.php\/mind-swings\/\" \/>\n<meta property=\"og:locale\" content=\"en_GB\" \/>\n<meta property=\"og:type\" content=\"article\" \/>\n<meta property=\"og:title\" content=\"MIND SWINGS | Laura Gary\" \/>\n<meta property=\"og:url\" content=\"https:\/\/lauragary.net\/index.php\/mind-swings\/\" \/>\n<meta property=\"og:site_name\" content=\"Laura Gary\" \/>\n<meta property=\"article:modified_time\" content=\"2025-10-13T06:59:01+00:00\" \/>\n<meta property=\"og:image\" content=\"https:\/\/lauragary.net\/wp-content\/uploads\/2025\/10\/IMG_2329-1.png\" \/>\n\t<meta property=\"og:image:width\" content=\"1\" \/>\n\t<meta property=\"og:image:height\" content=\"1\" \/>\n\t<meta property=\"og:image:type\" content=\"image\/png\" \/>\n<meta name=\"twitter:card\" content=\"summary_large_image\" \/>\n<meta name=\"twitter:label1\" content=\"Estimated reading time\" \/>\n\t<meta name=\"twitter:data1\" content=\"2 minutes\" \/>\n<script type=\"application\/ld+json\" class=\"yoast-schema-graph\">{\"@context\":\"https:\\\/\\\/schema.org\",\"@graph\":[{\"@type\":\"WebPage\",\"@id\":\"https:\\\/\\\/lauragary.net\\\/index.php\\\/mind-swings\\\/\",\"url\":\"https:\\\/\\\/lauragary.net\\\/index.php\\\/mind-swings\\\/\",\"name\":\"MIND SWINGS | Laura Gary\",\"isPartOf\":{\"@id\":\"https:\\\/\\\/lauragary.net\\\/#website\"},\"primaryImageOfPage\":{\"@id\":\"https:\\\/\\\/lauragary.net\\\/index.php\\\/mind-swings\\\/#primaryimage\"},\"image\":{\"@id\":\"https:\\\/\\\/lauragary.net\\\/index.php\\\/mind-swings\\\/#primaryimage\"},\"thumbnailUrl\":\"https:\\\/\\\/lauragary.net\\\/wp-content\\\/uploads\\\/2025\\\/10\\\/IMG_2329-1.png\",\"datePublished\":\"2025-03-28T15:42:30+00:00\",\"dateModified\":\"2025-10-13T06:59:01+00:00\",\"inLanguage\":\"en-GB\",\"potentialAction\":[{\"@type\":\"ReadAction\",\"target\":[\"https:\\\/\\\/lauragary.net\\\/index.php\\\/mind-swings\\\/\"]}]},{\"@type\":\"ImageObject\",\"inLanguage\":\"en-GB\",\"@id\":\"https:\\\/\\\/lauragary.net\\\/index.php\\\/mind-swings\\\/#primaryimage\",\"url\":\"https:\\\/\\\/lauragary.net\\\/wp-content\\\/uploads\\\/2025\\\/10\\\/IMG_2329-1.png\",\"contentUrl\":\"https:\\\/\\\/lauragary.net\\\/wp-content\\\/uploads\\\/2025\\\/10\\\/IMG_2329-1.png\"},{\"@type\":\"WebSite\",\"@id\":\"https:\\\/\\\/lauragary.net\\\/#website\",\"url\":\"https:\\\/\\\/lauragary.net\\\/\",\"name\":\"Laura Gary\",\"description\":\"Choreographer, Dancer, Body-Mind Centering\u00ae\",\"publisher\":{\"@id\":\"https:\\\/\\\/lauragary.net\\\/#organization\"},\"potentialAction\":[{\"@type\":\"SearchAction\",\"target\":{\"@type\":\"EntryPoint\",\"urlTemplate\":\"https:\\\/\\\/lauragary.net\\\/?s={search_term_string}\"},\"query-input\":{\"@type\":\"PropertyValueSpecification\",\"valueRequired\":true,\"valueName\":\"search_term_string\"}}],\"inLanguage\":\"en-GB\"},{\"@type\":\"Organization\",\"@id\":\"https:\\\/\\\/lauragary.net\\\/#organization\",\"name\":\"Laura Gary\",\"url\":\"https:\\\/\\\/lauragary.net\\\/\",\"logo\":{\"@type\":\"ImageObject\",\"inLanguage\":\"en-GB\",\"@id\":\"https:\\\/\\\/lauragary.net\\\/#\\\/schema\\\/logo\\\/image\\\/\",\"url\":\"https:\\\/\\\/lauragary.net\\\/wp-content\\\/uploads\\\/2025\\\/10\\\/cropped-cropped-LOGO-CORE-IDENTITY-2.png\",\"contentUrl\":\"https:\\\/\\\/lauragary.net\\\/wp-content\\\/uploads\\\/2025\\\/10\\\/cropped-cropped-LOGO-CORE-IDENTITY-2.png\",\"width\":512,\"height\":512,\"caption\":\"Laura Gary\"},\"image\":{\"@id\":\"https:\\\/\\\/lauragary.net\\\/#\\\/schema\\\/logo\\\/image\\\/\"}}]}<\/script>\n<!-- \/ Yoast SEO plugin. -->","yoast_head_json":{"title":"MIND SWINGS | Laura Gary","robots":{"index":"index","follow":"follow","max-snippet":"max-snippet:-1","max-image-preview":"max-image-preview:large","max-video-preview":"max-video-preview:-1"},"canonical":"https:\/\/lauragary.net\/index.php\/mind-swings\/","og_locale":"en_GB","og_type":"article","og_title":"MIND SWINGS | Laura Gary","og_url":"https:\/\/lauragary.net\/index.php\/mind-swings\/","og_site_name":"Laura Gary","article_modified_time":"2025-10-13T06:59:01+00:00","og_image":[{"url":"https:\/\/lauragary.net\/wp-content\/uploads\/2025\/10\/IMG_2329-1.png","width":1,"height":1,"type":"image\/png"}],"twitter_card":"summary_large_image","twitter_misc":{"Estimated reading time":"2 minutes"},"schema":{"@context":"https:\/\/schema.org","@graph":[{"@type":"WebPage","@id":"https:\/\/lauragary.net\/index.php\/mind-swings\/","url":"https:\/\/lauragary.net\/index.php\/mind-swings\/","name":"MIND SWINGS | Laura Gary","isPartOf":{"@id":"https:\/\/lauragary.net\/#website"},"primaryImageOfPage":{"@id":"https:\/\/lauragary.net\/index.php\/mind-swings\/#primaryimage"},"image":{"@id":"https:\/\/lauragary.net\/index.php\/mind-swings\/#primaryimage"},"thumbnailUrl":"https:\/\/lauragary.net\/wp-content\/uploads\/2025\/10\/IMG_2329-1.png","datePublished":"2025-03-28T15:42:30+00:00","dateModified":"2025-10-13T06:59:01+00:00","inLanguage":"en-GB","potentialAction":[{"@type":"ReadAction","target":["https:\/\/lauragary.net\/index.php\/mind-swings\/"]}]},{"@type":"ImageObject","inLanguage":"en-GB","@id":"https:\/\/lauragary.net\/index.php\/mind-swings\/#primaryimage","url":"https:\/\/lauragary.net\/wp-content\/uploads\/2025\/10\/IMG_2329-1.png","contentUrl":"https:\/\/lauragary.net\/wp-content\/uploads\/2025\/10\/IMG_2329-1.png"},{"@type":"WebSite","@id":"https:\/\/lauragary.net\/#website","url":"https:\/\/lauragary.net\/","name":"Laura Gary","description":"Choreographer, Dancer, Body-Mind Centering\u00ae","publisher":{"@id":"https:\/\/lauragary.net\/#organization"},"potentialAction":[{"@type":"SearchAction","target":{"@type":"EntryPoint","urlTemplate":"https:\/\/lauragary.net\/?s={search_term_string}"},"query-input":{"@type":"PropertyValueSpecification","valueRequired":true,"valueName":"search_term_string"}}],"inLanguage":"en-GB"},{"@type":"Organization","@id":"https:\/\/lauragary.net\/#organization","name":"Laura Gary","url":"https:\/\/lauragary.net\/","logo":{"@type":"ImageObject","inLanguage":"en-GB","@id":"https:\/\/lauragary.net\/#\/schema\/logo\/image\/","url":"https:\/\/lauragary.net\/wp-content\/uploads\/2025\/10\/cropped-cropped-LOGO-CORE-IDENTITY-2.png","contentUrl":"https:\/\/lauragary.net\/wp-content\/uploads\/2025\/10\/cropped-cropped-LOGO-CORE-IDENTITY-2.png","width":512,"height":512,"caption":"Laura Gary"},"image":{"@id":"https:\/\/lauragary.net\/#\/schema\/logo\/image\/"}}]}},"_links":{"self":[{"href":"https:\/\/lauragary.net\/index.php\/wp-json\/wp\/v2\/pages\/3982","targetHints":{"allow":["GET"]}}],"collection":[{"href":"https:\/\/lauragary.net\/index.php\/wp-json\/wp\/v2\/pages"}],"about":[{"href":"https:\/\/lauragary.net\/index.php\/wp-json\/wp\/v2\/types\/page"}],"author":[{"embeddable":true,"href":"https:\/\/lauragary.net\/index.php\/wp-json\/wp\/v2\/users\/1"}],"replies":[{"embeddable":true,"href":"https:\/\/lauragary.net\/index.php\/wp-json\/wp\/v2\/comments?post=3982"}],"version-history":[{"count":5,"href":"https:\/\/lauragary.net\/index.php\/wp-json\/wp\/v2\/pages\/3982\/revisions"}],"predecessor-version":[{"id":5290,"href":"https:\/\/lauragary.net\/index.php\/wp-json\/wp\/v2\/pages\/3982\/revisions\/5290"}],"wp:attachment":[{"href":"https:\/\/lauragary.net\/index.php\/wp-json\/wp\/v2\/media?parent=3982"}],"curies":[{"name":"wp","href":"https:\/\/api.w.org\/{rel}","templated":true}]}}